 - 124740 = -226*s. What are the prime factors of s?
2, 3, 5, 7
Let c(n) = 6 + 4*n - 3*n - 3*n. Let d(t) = t - 13. Let x be d(6). What are the prime factors of c(x)?
2, 5
Suppose -292*n = -296*n + 5848. List the prime factors of n.
2, 17, 43
Let i(y) = 12*y - 20. Let h(m) = 24*m - 39. Let b(z) = 5*h(z) - 9*i(z). Let l be b(-7). Let j = 140 + l. What are the prime factors of j?
41
What are the prime factors of ((-4)/((-8)/914))/(11/22)?
2, 457
Let p = 6723 - 3708. What are the prime factors of p?
3, 5, 67
Let f(x) = 10 + 6*x**3 + 7*x - 5*x**3 - 24*x**2 + 10*x**2. List the prime factors of f(14).
2, 3
Suppose 64 = -7*a + 11*a. Suppose 4*k = a - 20. List the prime factors of k/2*210/(-7).
3, 5
Suppose -10 = -4*y + p + 2, -4*p + 16 = 0. Suppose 5*k + 94 - 257 = 4*q, y*q + 70 = 2*k. List the prime factors of k.
31
List the prime factors of ((-108)/14)/(-10 + (-9228)/(-924)).
2, 3, 11
Let z = -25 - -27. Let n(q) = 6*q + 6*q - 6 + q + q**z. List the prime factors of n(-17).
2, 31
Let x(u) = u**2 - 3*u - 3. Let n be x(5). Let i = n - 4. Let c = 18 + i. List the prime factors of c.
3, 7
Suppose -2*a - c = 42, -5*c = 5*a - 26 + 131. Let q = a + 56. Suppose d + 8 - q = 0. What are the prime factors of d?
3
Suppose -5*i + 0*i = -5, 0 = 4*d + 4*i - 1272. Let u = -137 - -142. Suppose 6*v + u = d. List the prime factors of v.
2, 13
Suppose -3*r = 2*d - 5*d + 3567, -4*d + 3*r + 4755 = 0. List the prime factors of d.
2, 3, 11
Let z = -3 + 23. Suppose 2*v = h - 61, -83 = -h + 3*v - z. List the prime factors of h.
3, 19
Let j(u) = u**2 - 10*u + 12. Let p be j(9). Suppose -p*f - 55 = -8*f. What are the prime factors of f?
11
Suppose 2*u + 404 = a + 4*u, 808 = 2*a - 3*u. What are the prime factors of a?
2, 101
Let x be 163*(-5 + 4) + 0. Let g = 230 + x. What are the prime factors of g?
67
Let n(t) be the first derivative of 5*t**3/3 + 3*t**2 - 11*t + 17. List the prime factors of n(4).
3, 31
Let b(c) = -2*c**2 + 3*c**2 + 13 - 4*c + 7*c - 15*c. Let l be b(14). Suppose -5*j + 23 = -4*j - 4*h, -5*h = -3*j + l. What are the prime factors of j?
7
Suppose -440 = -5*n - 5*s, 2*n + 2*s - 171 = -s. Let p = n + -59. List the prime factors of p.
2, 17
Let l(x) = 8*x**2 + 3*x - 1. Let d be l(3). Suppose d = -8*g + 10*g. What are the prime factors of (-60)/g + (-123)/(-2)?
2, 3, 5
Let h(u) = -u**3 - 11*u**2 - u - 1. Let p be h(-11). Let m = 21 - 19. Suppose 3*i - p = m. List the prime factors of i.
2
Suppose -4 = 4*i - 6*i. Let c be 12/9*3/2. Suppose i*s - s = 2, -3*p - c*s + 187 = 0. List the prime factors of p.
61
Let m(h) = 13*h - 7 - 8 - 3 + 15 + h**3 + 9*h**2. Let g be m(-7). Let q(a) = a**2 + 4*a - 4. List the prime factors of q(g).
2, 7
What are the prime factors of ((-606)/24)/(((-35)/(-40))/(-7))?
2, 101
List the prime factors of 1/(-4) - 679/(-28).
2, 3
Let a(i) = 331*i**2 + 6*i - 3. Let s be a(1). Let d = s + -183. List the prime factors of d.
151
Let c be -4 + 0/5 + (-3 - -2). List the prime factors of (-3 - c)/((-3)/(-390)).
2, 5, 13
Let p = -37 - -22. Let h = p - -12. List the prime factors of 6/h - 40/(-1).
2, 19
Let w be (-4 + (0 - -4))/1. Suppose -5*z + 0*z + 400 = w. What are the prime factors of z?
2, 5
Let p(b) = b + 34. Let x be p(0). Suppose -j + s = -4*j + x, 0 = 3*j + 4*s - 28. Let u = -9 + j. List the prime factors of u.
3
Let w = -1069 + 3473. What are the prime factors of w?
2, 601
Let o = -217 - -1372. What are the prime factors of o?
3, 5, 7, 11
What are the prime factors of 29*(-3)/(-3)*7?
7, 29
Let o = 568 - 353. What are the prime factors of o?
5, 43
Suppose 0 = 4*u - 6*u + 360. Let m = -100 + u. Let b = m + -22. What are the prime factors of b?
2, 29
Let l = 13 - 19. Let r(t) be the third derivative of -5*t**4/24 - 11*t**3/6 + 16*t**2. List the prime factors of r(l).
19
Let k(f) = -f**2 - 11*f - 7. Let x = -1 + 4. Suppose c + x*l + 7 = 0, -3*l + 35 = -5*c - 0. What are the prime factors of k(c)?
3, 7
Suppose -7*u + 22*u - 7305 = 0. What are the prime factors of u?
487
Let h(c) = -8 + 4 + 2*c + 4. Suppose -3*g + 2*g + 4*l = -2, 2*g - l - 11 = 0. List the prime factors of h(g).
2, 3
Let s = 3079 - 2108. What are the prime factors of s?
971
Let z = 109 + -106. Suppose 160 = 4*f + 3*v - 487, z*f - 495 = v. What are the prime factors of f?
2, 41
Let w(k) = 6 - 1 + 7 - k - 2. List the prime factors of w(-7).
17
Let r = 22 - -36. Suppose -6*o = p - 2*o - 93, 3*o + r = p. Let k = -38 + p. List the prime factors of k.
5, 7
Let o(d) = -2*d + 9. Let v be o(15). Let h be 6/v - (-354)/14. Suppose g - h - 30 = 0. What are the prime factors of g?
5, 11
List the prime factors of 3/11 + 405244/308.
2, 7, 47
Let x = 12 - -30. Suppose 2*k = -4, b - x = -7*k + 3*k. What are the prime factors of b?
2, 5
Suppose 0 = 3*k - 7*k + 2*l - 16, -3*l + 3 = k. What are the prime factors of ((-1110)/18)/(k/9)?
5, 37
Let j(u) = -5 - 4*u + 5*u + 1. Let k be j(6). Suppose -k*a + 2*n + 15 = 3, -4*a + 22 = -3*n. List the prime factors of a.
2
Let n(p) = -p**2 - 11*p + 1. Suppose 3*l - 4*u + 2 = 0, -18 = l + 6*u - 3*u. Let h be ((-20)/l)/((-3)/9). What are the prime factors of n(h)?
11
Let v(k) = 6*k - 5. Let o be (-2)/(-4)*-4 + -7. Let d(g) = g + 13. Let q be d(o). What are the prime factors of v(q)?
19
Suppose 0*g - 28 = -2*g. Let m be (-4)/g + 2/7. Suppose -r = 2, m = -0*o - 3*o + 4*r + 62. What are the prime factors of o?
2, 3
Suppose -17*p - 12*p = -145. Suppose d + d - 10 = 0. Suppose p*n - d*m = 180, 2*m - 66 = -n - 3*m. List the prime factors of n.
41
Let b = 1914 - 1117. What are the prime factors of b?
797
Suppose 2*w + 5*l + 1138 = 3*w, 5*w + 4*l = 5690. List the prime factors of w.
2, 569
Let p = -81 + 124. Suppose 0 = -2*n + 4*j + 46, 0*n - n - 3*j = -p. Let m = n - 6. What are the prime factors of m?
5
Suppose 13*w = 6194 + 1983. List the prime factors of w.
17, 37
Suppose -5*w + n + 117 = -228, -n = -3*w + 205. List the prime factors of w.
2, 5, 7
Suppose 2*w - 5*z = w + 12, -4*w - 5*z = 27. List the prime factors of 6/(w*3/(-63)).
2, 3, 7
Let j = 176 + -302. List the prime factors of -3 + (3/(-4) - j/8).
2, 3
Let b(a) = a**2 - 2*a + 4. Let q be b(0). Suppose 0 = -5*o - 3*k + 243, -2*o + q*k = -122 + 30. List the prime factors of o.
2, 3
Suppose -5*m - 158 = -4*f, 6 = -m - 3*f - 18. Let c = m - -27. Let g(y) = 5*y**2 + 2*y + 2. What are the prime factors of g(c)?
41
Suppose -3*b - 7 = -13. Let v(j) = 30*j - 3. What are the prime factors of v(b)?
3, 19
List the prime factors of ((-810)/72)/(6/(-304)).
2, 3, 5, 19
Let p(w) = 145*w**2 + 10*w + 35. List the prime factors of p(-4).
5, 463
Let b(k) = 83*k**3 + k**2 - 2*k + 8. List the prime factors of b(2).
2, 3, 7
Suppose 758*j - 1199 = 757*j. List the prime factors of j.
11, 109
Let f be -6*((-3)/(-9) + -1). Let l = 128 - f. List the prime factors of l.
2, 31
Let n(z) = -z - 9. Let u be n(-9). Suppose 2*h = 5*p + 38 - 4, u = -4*p + 8. Suppose 0*b - 2*b + h = -m, 3*b + 3*m = 51. List the prime factors of b.
13
Let y(t) be the first derivative of t**3/3 - 3*t**2/2 - 7*t + 5. Let m be y(5). Suppose 5*u + m = 33. What are the prime factors of u?
2, 3
Let q(d) = -2*d - 8. Suppose -5*h + 0*h - 40 = 0. List the prime factors of q(h).
2
Suppose 0 = 22*q - 17*q + a - 11394, 4*a + 9120 = 4*q. What are the prime factors of q?
43, 53
Suppose -3*r - 2*r + 1836 = 2*l, -4*r = 5*l - 1479. Let w = r + -82. What are the prime factors of w?
2, 71
Suppose 0*d + 2*d + 3*u + 135 = 0, -u + 60 = -d. Let a = d - -149. What are the prime factors of a?
2, 43
Let a be (-1)/(4/(-56)) - 4. Suppose s = 24 + a. Suppose -l + s + 26 = 0. What are the prime factors of l?
2, 3, 5
Let t(a) be the third derivative of -a**6/120 - a**5/60 + a**4/24 + 49*a**3/6 - 30*a**2. List the prime factors of t(0).
7
Let i be ((-2)/3 - 0)*-45. Suppose w + 27 - 8 = 0. Let p = w + i. List the prime factors of p.
11
Let r(o) = -35*o - 9. Let z = -67 - -60. What are the prime factors of r(z)?
2, 59
Let h(m) = -m**2 - 18*m - 6. Suppose 9*s - 50 = 14*s. What are the prime factors of h(s)?
2, 37
Suppose 5*q - 4*u - 177 = 0, 2*u + 3 = -3. Suppose 0*m + 3*m = 162. Let s = m - q. What are the prime factors of s?
3, 7
Let v be -2*(-4)/16*8. Let p(i) = -v + 5*i + 9 + i + 0*i. List the prime factors of p(5).
5, 7
Let s = 69 - 75. Let t(h) = -12*h - 11. What are the prime factors o